{"id":29379,"date":"2026-08-03T13:44:33","date_gmt":"2026-08-03T11:44:33","guid":{"rendered":"https:\/\/destination-commingespyrenees.prep.faire-savoir.eu\/ascmid031v510ych-es"},"modified":"2026-09-03T15:08:56","modified_gmt":"2026-09-03T13:08:56","slug":"mimi-lac-de-sede-ASCMID031V510YCH","status":"publish","type":"activite","link":"https:\/\/destination-commingespyrenees.prep.faire-savoir.eu\/es\/activite\/mimi-lac-de-sede-ASCMID031V510YCH\/","title":{"rendered":"MIMI LAC DE S\u00c8DE"},"excerpt":{"rendered":"<p>Mimi Lac de S\u00e8de tambi\u00e9n ofrece servicio de catering y eventos durante todo el verano. Y una azotea para sus seminarios o fiestas privadas.<\/p>\n","protected":false},"template":"","meta":{"_acf_changed":false},"class_list":["post-29379","activite","type-activite","status-publish","hentry"],"acf":[],"_links":{"self":[{"href":"https:\/\/destination-commingespyrenees.prep.faire-savoir.eu\/es\/wp-json\/wp\/v2\/activite\/29379","targetHints":{"allow":["GET"]}}],"collection":[{"href":"https:\/\/destination-commingespyrenees.prep.faire-savoir.eu\/es\/wp-json\/wp\/v2\/activite"}],"about":[{"href":"https:\/\/destination-commingespyrenees.prep.faire-savoir.eu\/es\/wp-json\/wp\/v2\/types\/activite"}],"wp:attachment":[{"href":"https:\/\/destination-commingespyrenees.prep.faire-savoir.eu\/es\/wp-json\/wp\/v2\/media?parent=29379"}],"curies":[{"name":"wp","href":"https:\/\/api.w.org\/{rel}","templated":true}]}}

MIMI LAC DE SÈDE

<p>Mimi Lac de Sède también ofrece servicio de catering y eventos durante todo el verano. Y una azotea para sus seminarios o fiestas privadas.</p>
